rime number?
True
Is 287171 a prime number?
False
Is 676587185 a prime number?
False
Is 2276726 composite?
True
Is 2200103 a prime number?
True
Is 25290049 a prime number?
False
Is 966953 prime?
False
Is 2854517 a prime number?
True
Is 2577899 prime?
True
Is 1669669 a composite number?
True
Is 12451207 a composite number?
True
Is 25384529 a composite number?
False
Is 68007363 prime?
False
Is 37833287 prime?
False
Is 142054109 prime?
True
Is 9190301 a prime number?
True
Is 62500331 composite?
False
Is 1027547 a prime number?
True
Is 35240749 composite?
False
Is 3788035 a composite number?
True
Is 360900179 a composite number?
True
Is 48315049 prime?
False
Is 21361649 a composite number?
True
Is 16016695 composite?
True
Is 193681669 composite?
False
Is 292441 a composite number?
False
Is 449681051 a composite number?
False
Is 62342503 prime?
True
Is 27990077 prime?
False
Is 43111 composite?
True
Is 11518397 composite?
True
Is 173185073 a prime number?
False
Is 6335353 a composite number?
True
Is 72016699 prime?
False
Is 198173 a composite number?
False
Is 129809419 a prime number?
False
Is 311718167 prime?
True
Is 306756829 a prime number?
True
Is 678889 a composite number?
True
Is 6399227 a prime number?
False
Is 6445319 a composite number?
False
Is 1065311301 composite?
True
Is 453753047 a prime number?
False
Is 2796767 a prime number?
True
Is 5244709 composite?
False
Is 15338051 prime?
True
Is 1476067 a prime number?
True
Is 24898463 composite?
True
Is 365205683 prime?
False
Is 10542709 a composite number?
False
Is 1829983 a composite number?
True
Is 41898917 a composite number?
False
Is 33714627 a prime number?
False
Is 3348347 prime?
False
Is 99153641 a composite number?
False
Is 5233439 a composite number?
False
Is 469003 a prime number?
False
Is 56999651 prime?
False
Is 7846187 prime?
False
Is 32687773 a composite number?
True
Is 878011 a composite number?
False
Is 520906837 prime?
False
Is 317223717 prime?
False
Is 13528087 prime?
False
Is 546964361 a composite number?
False
Is 30288029 prime?
True
Is 7711313 a composite number?
True
Is 55291 prime?
True
Is 9924779 prime?
True
Is 7818883 a composite number?
True
Is 271979761 a composite number?
True
Is 140494441 composite?
False
Is 14393177 prime?
True
Is 8880371 a prime number?
True
Is 2326403 prime?
True
Is 713153 a composite number?
True
Is 7549847 a prime number?
True
Is 1519461917 prime?
True
Is 8100283 composite?
False
Is 29285489 prime?
True
Is 603803 a composite number?
True
Is 9405547 a prime number?
True
Is 5241713 prime?
False
Is 8496769 composite?
False
Is 116849554 composite?
True
Is 11130403 a composite number?
True
Is 633184469 a prime number?
True
Is 953741 prime?
False
Is 122209667 a prime number?
False
Is 122768885 a composite number?
True
Is 200611 composite?
True
Is 52163719 a prime number?
False
Is 10470917 a composite number?
False
Is 1338907 a prime number?
True
Is 354596407 a composite number?
True
Is 2254669 a prime number?
False
Is 8407491 a composite number?
True
Is 14428329 a prime number?
False
Is 79760077 prime?
False
Is 103317649 a prime number?
False
Is 370660855 prime?
False
Is 2994479 a prime number?
False
Is 587411 prime?
False
Is 8731447 composite?
False
Is 41729227 prime?
True
Is 154104343 a prime number?
False
Is 18344831 a prime number?
True
Is 1360211 prime?
False
Is 626346713 composite?
False
Is 15990529 a prime number?
True
Is 429078293 prime?
False
Is 6976367 composite?
True
Is 2447053 prime?
False
Is 106586633 a prime number?
True
Is 78826987 a composite number?
False
Is 4291459 prime?
False
Is 13993277 a prime number?
False
Is 346699 composite?
False
Is 16896245 a prime number?
False
Is 2632601 prime?
True
Is 4229605 a composite number?
True
Is 518119 a prime number?
False
Is 2664773 prime?
False
Is 6801383 a composite number?
False
Is 440641 a prime number?
True
Is 28157583 composite?
True
Is 63602897 composite?
False
Is 1051786 prime?
False
Is 166718161 a prime number?
True
Is 123453079 composite?
False
Is 597989419 prime?
True
Is 1987939 a prime number?
True
Is 12432187 composite?
False
Is 79260577 composite?
True
Is 129043799 prime?
False
Is 1752287 prime?
False
Is 5108078 prime?
False
Is 1761751 prime?
True
Is 498271 composite?
False
Is 1181407 prime?
True
Is 135409697 composite?
False
Is 8112941 composite?
False
Is 963899 a prime number?
True
Is 28327487 composite?
False
Is 683545 prime?
False
Is 127562803 a composite number?
True
Is 2143711 a composite number?
False
Is 22833749 a prime number?
True
Is 1902757 a prime number?
True
Is 1384769 prime?
False
Is 27296171 prime?
False
Is 2056496345 a composite number?
True
Is 197379359 composite?
False
Is 30575663 a prime number?
True
Is 15916819 a composite number?
True
Is 78718 a prime number?
False
Is 298272809 composite?
True
Is 4708409 composite?
True
Is 2042161 prime?
False
Is 15897029 a prime number?
True
Is 1967531 prime?
False
Is 174867267 a composite number?
True
Is 364414553 a composite number?
True
Is 10063829 prime?
True
Is 40110911 composite?
True
Is 246311 a prime number?
False
Is 17743613 a prime number?
True
Is 38771329 a composite number?
False
Is 1043983 prime?
False
Is 57008563 a prime number?
False
Is 6528703 composite?
False
Is 2315813 prime?
False
Is 155828327 a composite number?
False
Is 79526927 prime?
True
Is 303803 composite?
False
Is 46461413 prime?
True
Is 32658293 a prime number?
True
Is 43416757 prime?
False
Is 181640353 a composite number?
True
Is 54829499 prime?
True
Is 14853353 a prime number?
True
Is 10561957 composite?
True
Is 75508561 a composite number?
False
Is 356904971 a prime number?
True
Is 249399281 prime?
False
Is 17145241 composite?
True
Is 2766941 prime?
False
Is 2567671 a prime number?
True
Is 261277637 composite?
True
Is 1677281 prime?
True
Is 38653487 a prime number?
True
Is 187056505 a prime number?
False
Is 6917753 a prime number?
True
Is 3765767 prime?
False
Is 2136397 prime?
False
Is 910531 composite?
True
Is 7273783 composite?
True
Is 6915863 a prime number?
True
Is 6143197 composite?
False
Is 1249753 a prime number?
False
Is 12596989 a composite number?
True
Is 188817677 composite?
False
Is 31873 composite?
False
Is 33010709 a prime number?
True
Is 6105245 composite?
True
Is 91342187 a composite number?
False
Is 1440895 a prime number?
False
Is 45356417 a composite number?
False
Is 237373 composite?
False
Is 57783893 prime?
False
Is 16538321 prime?
False
Is 24279023 prime?
False
Is 114550277 a prime number?
False
Is 37771043 prime?
False
Is 861079 a composite number?
False
Is 318307391 a prime number?
True
Is 335981 a prime number?
False
Is 101018633 composite?
False
Is 28944935 prime?
False
Is 932977 prime?
False
Is 4616005 a prime number?
False
Is 20784583 a prime number?
True
Is 9375659 prime?
False
Is 62234473 composite?
True
Is 6280139 a prime number?
True
Is 2987143 composite?
False
Is 44303243 composite?
True
Is 355642939 composite?
True
Is 41090087 a prime number?
True
Is 56053 prime?
True
Is 2719923 a composite number?
True
Is 618529561 a prime number?
False
Is 13174151 a prime number?
True
Is 18838711 composite?
False
Is 132188885 a prime number?
False
Is 9141607 a prime number?
True
Is 65470157 prime?
True
Is 2778149 composite?
True
Is 101717029 a prime number?
True
Is 3312353 composite?
True
Is 2672533 a composite number?
False
Is 24285565 prime?
False
Is 5956183 composite?
True
Is 280346549 prime?
False
Is 79349 a prime number?
True
Is 16222417 a composite number?
False
Is 4891009 a prime number?
False
Is 6704081 a prime number?
True
Is 73565179 prime?
True
Is 149996207 a prime number?
False
Is 4079381 a composite number?
False
Is 57895753 a prime number?
True
Is 523797499 a composite number?
True
Is 138752921 prime?
False
Is 3031895 a prime number?
False
Is 1595623 composite?
False
Is 3089753 a composite number?
False
Is 2787619 a prime number?
True
Is 138209 a prime number?
True
Is 23929463 prime?
True
Is 2858843 composite?
True
Is 34373113 prime?
False
Is 2520907 prime?
True
Is 278710591 prime?
True
Is 20371399 a prime number?
False
Is 3638473 a prime number?
True
Is 1153639727 a prime number?
False
Is 5051311 composite?
True
Is 170879 prime?
False
Is 198829733 prime?
False
Is 17575049 a prime number?
True
Is 23779399